 15 a factor of 3038938725?
True
Is 85489140 a multiple of 110?
True
Is 2132616 a multiple of 51?
True
Does 1198 divide 2000861264?
True
Is 7 a factor of 144018736?
False
Is 10 a factor of 504466970?
True
Is 14 a factor of 649083?
False
Does 29 divide 659155507?
False
Is 1550 a factor of 86105600?
True
Is 33 a factor of 21904138?
False
Is 240 a factor of 5383680?
True
Is 371 a factor of 710009082?
False
Is 260 a factor of 411750040?
True
Is 675 a factor of 1434324?
False
Does 1479 divide 84410967?
True
Is 21 a factor of 2388634017?
True
Does 41 divide 1806562?
False
Is 53 a factor of 207364772?
False
Is 19514171 a multiple of 13?
False
Does 41 divide 1369867?
False
Does 341 divide 1157025276?
True
Is 8 a factor of 60556224?
True
Is 9 a factor of 72646475?
False
Is 59642660 a multiple of 220?
True
Is 7591200 a multiple of 74?
False
Is 114 a factor of 6725544?
True
Is 4612 a factor of 725023194?
False
Does 14 divide 28653170?
True
Is 5276 a factor of 6026420970?
False
Does 2275 divide 19931681?
False
Is 103991180 a multiple of 2830?
True
Does 652 divide 451464016?
False
Does 2580 divide 179645613?
False
Does 23 divide 1262938832?
True
Does 384 divide 60842496?
True
Is 15914850 a multiple of 1376?
False
Does 17 divide 47616570?
False
Is 51259936 a multiple of 1508?
True
Does 2520 divide 572498640?
True
Does 24 divide 3433773168?
True
Is 880374495 a multiple of 7293?
True
Is 269 a factor of 105498480?
False
Is 31629046 a multiple of 42?
False
Is 14 a factor of 442821342?
False
Does 23 divide 3121194001?
True
Is 6456 a factor of 728649984?
True
Does 431 divide 71227491?
True
Does 264 divide 208494000?
True
Is 49 a factor of 126216283?
False
Is 1705 a factor of 283106233?
False
Is 111226137 a multiple of 253?
True
Is 18447203 a multiple of 143?
False
Is 755108878 a multiple of 3274?
False
Is 25232064 a multiple of 32?
True
Is 491 a factor of 22532481?
True
Is 31927356 a multiple of 44?
False
Is 8 a factor of 360844248?
True
Is 998400 a multiple of 150?
True
Is 156 a factor of 233218914?
False
Does 984 divide 3581760?
True
Does 48 divide 281934440?
False
Is 113601312 a multiple of 96?
True
Does 8 divide 87655787?
False
Does 270 divide 407025810?
True
Is 1036 a factor of 2629368?
True
Does 92 divide 8893675?
False
Is 30522135 a multiple of 198?
False
Does 1770 divide 63699511?
False
Does 58 divide 70306092?
True
Does 3006 divide 104227038?
True
Is 196 a factor of 32611837?
False
Is 186653280 a multiple of 530?
True
Is 287 a factor of 681270173?
False
Is 111964982 a multiple of 4?
False
Is 1197675 a multiple of 167?
False
Does 233 divide 3233293002?
True
Does 4 divide 2828945?
False
Does 9589 divide 1539283814?
True
Is 39 a factor of 18497824?
False
Is 6697980 a multiple of 4?
True
Is 1268 a factor of 29065515?
False
Is 169 a factor of 6527108?
False
Is 883690486 a multiple of 2841?
False
Is 7863264 a multiple of 32?
True
Is 568767910 a multiple of 360?
False
Is 107 a factor of 32397495?
False
Is 106 a factor of 1402450816?
False
Does 11 divide 310952334?
True
Is 317014888 a multiple of 46?
True
Is 134 a factor of 9231882?
False
Is 547 a factor of 18594718?
True
Is 67376210 a multiple of 39?
False
Is 4 a factor of 882909192?
True
Is 5 a factor of 104071288?
False
Is 2775 a factor of 47818800?
True
Is 15 a factor of 19969365?
True
Is 1038 a factor of 15942699?
False
Is 1246953904 a multiple of 112?
True
Is 1137 a factor of 71024979?
True
Does 4573 divide 3667184733?
True
Is 4 a factor of 3180086?
False
Does 4792 divide 107085641?
False
Is 727682708 a multiple of 33?
False
Does 12 divide 26691267?
False
Is 765 a factor of 328811549?
False
Is 172 a factor of 851757072?
True
Is 73025772 a multiple of 12?
True
Is 337 a factor of 2622887850?
True
Is 22328382 a multiple of 87?
False
Is 37 a factor of 185923779?
True
Is 292492670 a multiple of 288?
False
Does 154 divide 17460828?
True
Does 8 divide 11145776?
True
Is 9340668 even?
True
Is 4852018 a multiple of 80?
False
Is 686194641 a multiple of 3069?
True
Is 26 a factor of 4672103?
False
Is 14 a factor of 378777730?
False
Is 15162780 a multiple of 93?
False
Is 1745 a factor of 43536794?
False
Is 126 a factor of 27225954?
True
Is 1348913 a multiple of 4?
False
Is 1284 a factor of 26834280?
False
Does 4546 divide 495909502?
True
Does 4333 divide 4949473885?
False
Is 6391290 a multiple of 37?
False
Is 451803651 a multiple of 897?
True
Is 44772528 a multiple of 11?
False
Is 29 a factor of 28016726?
True
Does 45 divide 151884853?
False
Is 2017 a factor of 18784321?
True
Is 127992959 a multiple of 72?
False
Is 212 a factor of 182833501?
False
Does 6130 divide 629283048?
False
Is 357587496 a multiple of 196?
True
Is 32 a factor of 1520748759?
False
Is 6468051 a multiple of 133?
False
Is 559 a factor of 76335805?
False
Is 39727951 a multiple of 3?
False
Is 1085778555 a multiple of 43?
False
Does 379 divide 320591931?
True
Is 17885859 a multiple of 391?
False
Does 7 divide 26963157?
False
Is 12775547 a multiple of 431?
False
Is 196386416 a multiple of 2008?
True
Is 16 a factor of 29648304?
True
Does 19 divide 10131104?
True
Does 3920 divide 685700748?
False
Is 449773694 a multiple of 86?
False
Is 1239 a factor of 42809928?
True
Is 60357920 a multiple of 10?
True
Is 85822 a multiple of 94?
True
Is 42773767 a multiple of 23?
True
Is 261825591 a multiple of 10?
False
Does 14 divide 11900339?
False
Is 896 a factor of 156723585?
False
Is 3638263585 a multiple of 13541?
True
Is 4 a factor of 649721526?
False
Does 79 divide 55444459?
False
Is 3 a factor of 8366954?
False
Does 194 divide 32055877?
False
Is 19750950 a multiple of 90?
True
Is 95809667 a multiple of 2234?
False
Does 11 divide 21184386?
False
Is 1376 a factor of 20730816?
True
Is 151052005 a multiple of 119?
False
Is 461573834 a multiple of 4483?
False
Is 18 a factor of 34594351?
False
Is 6 a factor of 47772346?
False
Does 197 divide 2911067488?
False
Is 125435264 a multiple of 531?
False
Does 24 divide 891840456?
True
Is 3791 a factor of 1152926502?
True
Is 403073126 a multiple of 5915?
False
Is 24656464 a multiple of 28?
True
Does 722 divide 849742?
False
Does 717 divide 8520111?
True
Is 3242 a factor of 936412796?
True
Does 26 divide 232562356?
True
Is 19 a factor of 62998956?
False
Does 2062 divide 292888542?
True
Does 11 divide 18448375?
True
Is 279119531 a multiple of 1672?
False
Is 485 a factor of 116639573?
False
Does 14 divide 10797838?
False
Does 14 divide 112805151?
False
Is 17568330 a multiple of 1391?
True
Is 514 a factor of 309808360?
True
Does 67 divide 4265745779?
False
Is 13787056 a multiple of 5?
False
Is 34209529 a multiple of 153?
False
Does 104 divide 277052201?
False
Does 1218 divide 9397188?
False
Is 68 a factor of 680528088?
True
Is 92 a factor of 302556628?
True
Is 16 a factor of 13996404?
False
Is 21 a factor of 4916371656?
True
Is 501 a factor of 1407337966?
False
Is 943 a factor of 3434128611?
False
Is 5 a factor of 8591635?
True
Is 8037516 a multiple of 274?
True
Is 996 a factor of 5521824?
True
Is 1000 a factor of 194582000?
True
Is 39942180 a multiple of 12?
True
Is 1588253152 a multiple of 2661?
False
Does 52 divide 39039416?
True
Does 267 divide 7187982?
False
Is 11 a factor of 30595409?
False
Is 291 a factor of 494131342?
False
Is 11 a factor of 168662336?
False
Is 6516663 a multiple of 123?
True
Is 9720515 a multiple of 35?
True
Is 151368119 a multiple of 8?
False
Is 69025025 a multiple of 227?
True
Is 183 a factor of 1223642065?
False
Does 11 divide 9563757?
False
Is 243697814 a multiple of 35?
False
Is 668 a factor of 36491282?
False
Is 282 a factor of 9118110?
False
Does 39 divide 53198601?
False
Is 165 a factor of 5808512447?
False
Is 118 a factor of 53099646?
True
Is 52 a factor of 27344022?
False
Is 218808346 a multiple of 359?
True
Does 13 divide 121384831?
False
Is 683066305 a multiple of 23?
True
Does 1649 divide 17471862?
False
Is 5378 a factor of 755086252?
False
Is 249 a factor of 363262722?
False
Does 85 divide 2592350400?
True
Is 287992281 a multiple of 9?
False
Is 69270987 a multiple of 17?
False
Does 21 divide 38361204?
True
Is 51134143 a multiple of 1799?
False
Is 148 a factor of 247081360?
False
Does 3974 divide 261795198?
True
Is 39676023 a multiple of 3?
True
Is 145470566 a multiple of 107?
True
Is 86041